Last updated on 2024-04-24 06:19:07 CEST.
Flavor | Version | Tinstall | Tcheck | Ttotal | Status | Flags |
---|---|---|---|---|---|---|
r-devel-linux-x86_64-debian-clang | 1.0.6 | 13.74 | 99.12 | 112.86 | NOTE | |
r-devel-linux-x86_64-debian-gcc | 1.0.6 | 8.87 | 74.15 | 83.02 | NOTE | |
r-devel-linux-x86_64-fedora-clang | 1.0.6 | 137.39 | NOTE | |||
r-devel-linux-x86_64-fedora-gcc | 1.0.6 | 135.16 | NOTE | |||
r-prerel-macos-arm64 | 1.0.6 | 40.00 | NOTE | |||
r-prerel-windows-x86_64 | 1.0.6 | 14.00 | 112.00 | 126.00 | NOTE | |
r-patched-linux-x86_64 | 1.0.6 | 13.39 | 96.62 | 110.01 | NOTE | |
r-release-linux-x86_64 | 1.0.6 | 9.45 | 98.51 | 107.96 | NOTE | |
r-release-macos-arm64 | 1.0.6 | 45.00 | NOTE | |||
r-release-macos-x86_64 | 1.0.6 | 70.00 | NOTE | |||
r-release-windows-x86_64 | 1.0.6 | 16.00 | 130.00 | 146.00 | NOTE | |
r-oldrel-macos-arm64 | 1.0.6 | 41.00 | OK | |||
r-oldrel-windows-x86_64 | 1.0.6 | 15.00 | 127.00 | 142.00 | OK |
Version: 1.0.6
Check: Rd files
Result: NOTE
checkRd: (-1) UN1.Rd:16: Escaped LaTeX specials: \$
checkRd: (-1) rateprof.Rd:64: Escaped LaTeX specials: \&
Flavors: r-devel-linux-x86_64-debian-clang, r-devel-linux-x86_64-debian-gcc, r-devel-linux-x86_64-fedora-clang, r-devel-linux-x86_64-fedora-gcc, r-prerel-macos-arm64, r-prerel-windows-x86_64, r-patched-linux-x86_64, r-release-linux-x86_64, r-release-macos-arm64, r-release-macos-x86_64, r-release-windows-x86_64