CRAN Package Check Results for Package alqrfe

Last updated on 2024-05-29 11:52:29 CEST.

Flavor Version Tinstall Tcheck Ttotal Status Flags
r-devel-linux-x86_64-debian-clang 1.1 33.92 35.78 69.70 NOTE
r-devel-linux-x86_64-debian-gcc 1.1 21.46 26.86 48.32 NOTE
r-devel-linux-x86_64-fedora-clang 1.1 97.72 NOTE
r-devel-linux-x86_64-fedora-gcc 1.1 92.97 NOTE
r-devel-windows-x86_64 1.1 27.00 67.00 94.00 NOTE
r-patched-linux-x86_64 1.1 26.78 34.46 61.24 NOTE
r-release-linux-x86_64 1.1 25.57 33.84 59.41 NOTE
r-release-macos-arm64 1.1 25.00 NOTE
r-release-windows-x86_64 1.1 27.00 69.00 96.00 NOTE
r-oldrel-macos-arm64 1.1 27.00 NOTE
r-oldrel-macos-x86_64 1.1 44.00 NOTE
r-oldrel-windows-x86_64 1.1 34.00 77.00 111.00 NOTE

Check Details

Version: 1.1
Check: C++ specification
Result: NOTE Specified C++11: please drop specification unless essential Flavors: r-devel-linux-x86_64-debian-clang, r-devel-linux-x86_64-debian-gcc, r-devel-linux-x86_64-fedora-clang, r-devel-linux-x86_64-fedora-gcc, r-devel-windows-x86_64, r-patched-linux-x86_64, r-release-linux-x86_64, r-release-macos-arm64, r-release-windows-x86_64, r-oldrel-macos-arm64, r-oldrel-macos-x86_64, r-oldrel-windows-x86_64