Last updated on 2023-10-04 20:42:21 CEST.
Flavor | Version | Tinstall | Tcheck | Ttotal | Status | Flags |
---|---|---|---|---|---|---|
r-devel-linux-x86_64-debian-clang | 0.2.1 | 7.26 | 37.88 | 45.14 | NOTE | |
r-devel-linux-x86_64-debian-gcc | 0.2.1 | 4.71 | 28.59 | 33.30 | NOTE | |
r-devel-linux-x86_64-fedora-clang | 0.2.1 | 54.09 | NOTE | |||
r-devel-linux-x86_64-fedora-gcc | 0.2.1 | 52.26 | NOTE | |||
r-devel-windows-x86_64 | 0.2.1 | 6.00 | 51.00 | 57.00 | NOTE | |
r-patched-linux-x86_64 | 0.2.1 | 7.09 | 37.40 | 44.49 | NOTE | |
r-release-linux-x86_64 | 0.2.1 | 7.15 | 37.31 | 44.46 | NOTE | |
r-release-macos-arm64 | 0.2.1 | 21.00 | NOTE | |||
r-release-macos-x86_64 | 0.2.1 | 29.00 | NOTE | |||
r-release-windows-x86_64 | 0.2.1 | 8.00 | 52.00 | 60.00 | NOTE | |
r-oldrel-macos-arm64 | 0.2.1 | 22.00 | NOTE | |||
r-oldrel-macos-x86_64 | 0.2.1 | 31.00 | NOTE | |||
r-oldrel-windows-x86_64 | 0.2.1 | 13.00 | 56.00 | 69.00 | NOTE |
Version: 0.2.1
Check: LazyData
Result: NOTE
'LazyData' is specified without a 'data' directory
Flavors: r-devel-linux-x86_64-debian-clang, r-devel-linux-x86_64-debian-gcc, r-devel-linux-x86_64-fedora-clang, r-devel-linux-x86_64-fedora-gcc, r-devel-windows-x86_64, r-patched-linux-x86_64, r-release-linux-x86_64, r-release-macos-arm64, r-release-macos-x86_64, r-release-windows-x86_64, r-oldrel-macos-arm64, r-oldrel-macos-x86_64, r-oldrel-windows-x86_64
Version: 0.2.1
Check: package dependencies
Result: NOTE
Packages suggested but not available for checking: 'fBasics', 'Rmpfr'
Flavor: r-release-macos-x86_64