CRAN Package Check Results for Package alphashape3d

Last updated on 2020-07-08 06:47:29 CEST.

Flavor Version Tinstall Tcheck Ttotal Status Flags
r-devel-linux-x86_64-debian-clang 1.3 6.70 51.31 58.01 OK
r-devel-linux-x86_64-debian-gcc 1.3 5.49 39.41 44.90 OK
r-devel-linux-x86_64-fedora-clang 1.3 78.81 OK
r-devel-linux-x86_64-fedora-gcc 1.3 68.85 OK
r-devel-windows-ix86+x86_64 1.3 16.00 97.00 113.00 OK
r-patched-linux-x86_64 1.3 6.70 52.08 58.78 OK
r-patched-solaris-x86 1.3 95.40 OK
r-release-linux-x86_64 1.3 5.40 51.10 56.50 OK
r-release-osx-x86_64 1.3 OK
r-release-windows-ix86+x86_64 1.3 17.00 85.00 102.00 OK
r-oldrel-osx-x86_64 1.3 WARN
r-oldrel-windows-ix86+x86_64 1.3 37.00 120.00 157.00 OK

Check Details

Version: 1.3
Check: whether package can be installed
Result: WARN
    Found the following significant warnings:
     Warning: 'rgl_init' failed, running with rgl.useNULL = TRUE
Flavor: r-oldrel-osx-x86_64