CRAN Package Check Results for Package almanac

Last updated on 2022-09-28 12:55:11 CEST.

Flavor Version Tinstall Tcheck Ttotal Status Flags
r-devel-linux-x86_64-debian-clang 0.1.1 12.33 164.75 177.08 NOTE
r-devel-linux-x86_64-debian-gcc 0.1.1 9.28 110.57 119.85 NOTE
r-devel-linux-x86_64-fedora-clang 0.1.1 234.35 NOTE
r-devel-linux-x86_64-fedora-gcc 0.1.1 224.11 NOTE
r-devel-windows-x86_64 0.1.1 59.00 168.00 227.00 NOTE
r-patched-linux-x86_64 0.1.1 11.64 157.27 168.91 NOTE
r-release-linux-x86_64 0.1.1 11.58 153.99 165.57 NOTE
r-release-macos-arm64 0.1.1 60.00 NOTE
r-release-macos-x86_64 0.1.1 78.00 NOTE
r-release-windows-x86_64 0.1.1 58.00 170.00 228.00 NOTE
r-oldrel-macos-arm64 0.1.1 71.00 NOTE
r-oldrel-macos-x86_64 0.1.1 103.00 NOTE
r-oldrel-windows-ix86+x86_64 0.1.1 34.00 321.00 355.00 NOTE

Check Details

Version: 0.1.1
Check: LazyData
Result: NOTE
     'LazyData' is specified without a 'data' directory
Flavors: r-devel-linux-x86_64-debian-clang, r-devel-linux-x86_64-debian-gcc, r-devel-linux-x86_64-fedora-clang, r-devel-linux-x86_64-fedora-gcc, r-devel-windows-x86_64, r-patched-linux-x86_64, r-release-linux-x86_64, r-release-macos-arm64, r-release-macos-x86_64, r-release-windows-x86_64, r-oldrel-macos-arm64, r-oldrel-macos-x86_64, r-oldrel-windows-ix86+x86_64