Last updated on 2024-03-28 12:50:27 CET.
Flavor | Version | Tinstall | Tcheck | Ttotal | Status | Flags |
---|---|---|---|---|---|---|
r-devel-linux-x86_64-debian-clang | 0.1.0 | 2.10 | 23.21 | 25.31 | NOTE | |
r-devel-linux-x86_64-debian-gcc | 0.1.0 | 1.36 | 19.09 | 20.45 | NOTE | |
r-devel-linux-x86_64-fedora-clang | 0.1.0 | 33.42 | NOTE | |||
r-devel-linux-x86_64-fedora-gcc | 0.1.0 | 45.80 | NOTE | |||
r-devel-windows-x86_64 | 0.1.0 | 2.00 | 40.00 | 42.00 | NOTE | |
r-patched-linux-x86_64 | 0.1.0 | 2.06 | 22.87 | 24.93 | NOTE | |
r-release-linux-x86_64 | 0.1.0 | 2.03 | 21.16 | 23.19 | NOTE | |
r-release-macos-arm64 | 0.1.0 | 22.00 | NOTE | |||
r-release-macos-x86_64 | 0.1.0 | 29.00 | NOTE | |||
r-release-windows-x86_64 | 0.1.0 | 3.00 | 39.00 | 42.00 | NOTE | |
r-oldrel-macos-arm64 | 0.1.0 | 17.00 | NOTE | |||
r-oldrel-windows-x86_64 | 0.1.0 | 3.00 | 44.00 | 47.00 | NOTE |
Version: 0.1.0
Check: LazyData
Result: NOTE
'LazyData' is specified without a 'data' directory
Flavors: r-devel-linux-x86_64-debian-clang, r-devel-linux-x86_64-debian-gcc, r-devel-linux-x86_64-fedora-clang, r-devel-linux-x86_64-fedora-gcc, r-devel-windows-x86_64, r-patched-linux-x86_64, r-release-linux-x86_64, r-release-macos-arm64, r-release-macos-x86_64, r-release-windows-x86_64, r-oldrel-macos-arm64, r-oldrel-windows-x86_64