CRAN Package Check Results for Package algaeClassify

Last updated on 2021-03-01 21:48:22 CET.

Flavor Version Tinstall Tcheck Ttotal Status Flags
r-devel-linux-x86_64-debian-clang 1.2.0 OK
r-devel-linux-x86_64-debian-gcc 1.2.0 4.16 36.72 40.88 OK
r-devel-linux-x86_64-fedora-clang 1.2.0 71.76 NOTE
r-devel-linux-x86_64-fedora-gcc 1.2.0 61.28 NOTE
r-devel-windows-ix86+x86_64 1.2.0 9.00 55.00 64.00 OK
r-patched-linux-x86_64 1.2.0 4.78 45.21 49.99 OK
r-patched-solaris-x86 1.2.0 96.30 NOTE
r-release-linux-x86_64 1.2.0 5.10 45.35 50.45 OK
r-release-macos-x86_64 1.2.0 NOTE
r-release-windows-ix86+x86_64 1.2.0 14.00 70.00 84.00 OK
r-oldrel-macos-x86_64 1.2.0 NOTE
r-oldrel-windows-ix86+x86_64 1.2.0 7.00 64.00 71.00 OK

Check Details

Version: 1.2.0
Check: dependencies in R code
Result: NOTE
    Namespace in Imports field not imported from: ‘taxize’
     All declared Imports should be used.
Flavors: r-devel-linux-x86_64-fedora-clang, r-devel-linux-x86_64-fedora-gcc, r-patched-solaris-x86, r-release-macos-x86_64, r-oldrel-macos-x86_64