Last updated on 2024-03-28 12:50:27 CET.
Flavor | Version | Tinstall | Tcheck | Ttotal | Status | Flags |
---|---|---|---|---|---|---|
r-devel-linux-x86_64-debian-clang | 0.3-7 | 7.92 | 213.69 | 221.61 | OK | |
r-devel-linux-x86_64-debian-gcc | 0.3-7 | 5.59 | 153.25 | 158.84 | OK | |
r-devel-linux-x86_64-fedora-clang | 0.3-7 | 258.46 | OK | |||
r-devel-linux-x86_64-fedora-gcc | 0.3-7 | 258.30 | OK | |||
r-devel-windows-x86_64 | 0.3-7 | 6.00 | 172.00 | 178.00 | OK | |
r-patched-linux-x86_64 | 0.3-7 | 8.80 | 212.87 | 221.67 | OK | |
r-release-linux-x86_64 | 0.3-7 | 6.38 | 210.72 | 217.10 | OK | |
r-release-macos-arm64 | 0.3-7 | 72.00 | OK | |||
r-release-macos-x86_64 | 0.3-7 | 213.00 | OK | |||
r-release-windows-x86_64 | 0.3-7 | 8.00 | 228.00 | 236.00 | OK | |
r-oldrel-macos-arm64 | 0.3-7 | 73.00 | OK | |||
r-oldrel-windows-x86_64 | 0.3-7 | 8.00 | 278.00 | 286.00 | NOTE |
Version: 0.3-7
Check: HTML version of manual
Result: NOTE
Encountered the following conversion/validation errors:
absindex.Rd:110: condition must be plain text
feemscatter.Rd:47: condition must be plain text
write.openfluor.Rd:43: condition must be plain text
Flavor: r-oldrel-windows-x86_64