CRAN Package Check Results for Package akmbiclust

Last updated on 2025-02-04 03:49:42 CET.

Flavor Version Tinstall Tcheck Ttotal Status Flags
r-devel-linux-x86_64-debian-clang 0.1.0 1.54 17.80 19.34 OK
r-devel-linux-x86_64-debian-gcc 0.1.0 1.39 14.35 15.74 OK
r-devel-linux-x86_64-fedora-clang 0.1.0 31.65 OK
r-devel-linux-x86_64-fedora-gcc 0.1.0 30.82 OK
r-devel-windows-x86_64 0.1.0 2.00 36.00 38.00 OK
r-patched-linux-x86_64 0.1.0 1.46 16.89 18.35 NOTE
r-release-linux-x86_64 0.1.0 1.57 16.67 18.24 NOTE
r-release-macos-arm64 0.1.0 17.00 NOTE
r-release-macos-x86_64 0.1.0 25.00 NOTE
r-release-windows-x86_64 0.1.0 3.00 36.00 39.00 NOTE
r-oldrel-macos-arm64 0.1.0 15.00 NOTE
r-oldrel-macos-x86_64 0.1.0 19.00 NOTE
r-oldrel-windows-x86_64 0.1.0 3.00 36.00 39.00 NOTE

Check Details

Version: 0.1.0
Check: LazyData
Result: NOTE 'LazyData' is specified without a 'data' directory Flavors: r-patched-linux-x86_64, r-release-linux-x86_64, r-release-macos-arm64, r-release-macos-x86_64, r-release-windows-x86_64, r-oldrel-macos-arm64, r-oldrel-macos-x86_64, r-oldrel-windows-x86_64