CRAN Package Check Results for Package ajv

Last updated on 2021-10-24 06:51:41 CEST.

Flavor Version Tinstall Tcheck Ttotal Status Flags
r-devel-linux-x86_64-debian-clang 1.0.0 2.63 30.51 33.14 NOTE
r-devel-linux-x86_64-debian-gcc 1.0.0 1.86 24.20 26.06 NOTE
r-devel-linux-x86_64-fedora-clang 1.0.0 52.13 NOTE
r-devel-linux-x86_64-fedora-gcc 1.0.0 40.95 NOTE
r-devel-windows-x86_64 1.0.0 6.00 61.00 67.00 NOTE
r-devel-windows-x86_64-gcc10-UCRT 1.0.0 NOTE
r-patched-linux-x86_64 1.0.0 3.14 29.89 33.03 NOTE
r-patched-solaris-x86 1.0.0 63.00 NOTE
r-release-linux-x86_64 1.0.0 2.04 29.67 31.71 NOTE
r-release-macos-arm64 1.0.0 NOTE
r-release-macos-x86_64 1.0.0 NOTE
r-release-windows-ix86+x86_64 1.0.0 8.00 62.00 70.00 NOTE
r-oldrel-macos-x86_64 1.0.0 OK
r-oldrel-windows-ix86+x86_64 1.0.0 9.00 64.00 73.00 OK

Check Details

Version: 1.0.0
Check: LazyData
Result: NOTE
     'LazyData' is specified without a 'data' directory
Flavors: r-devel-linux-x86_64-debian-clang, r-devel-linux-x86_64-debian-gcc, r-devel-linux-x86_64-fedora-clang, r-devel-linux-x86_64-fedora-gcc, r-devel-windows-x86_64, r-devel-windows-x86_64-gcc10-UCRT, r-patched-linux-x86_64, r-patched-solaris-x86, r-release-linux-x86_64, r-release-macos-arm64, r-release-macos-x86_64, r-release-windows-ix86+x86_64