Last updated on 2025-04-30 03:50:46 CEST.
Flavor | Version | Tinstall | Tcheck | Ttotal | Status | Flags |
---|---|---|---|---|---|---|
r-devel-linux-x86_64-debian-clang | 1.0.5 | 2.49 | 39.19 | 41.68 | NOTE | |
r-devel-linux-x86_64-debian-gcc | 1.0.5 | 2.13 | 28.03 | 30.16 | NOTE | |
r-devel-linux-x86_64-fedora-clang | 1.0.5 | 66.24 | OK | |||
r-devel-linux-x86_64-fedora-gcc | 1.0.5 | 64.12 | OK | |||
r-devel-windows-x86_64 | 1.0.5 | 4.00 | 63.00 | 67.00 | OK | |
r-patched-linux-x86_64 | 1.0.5 | 2.70 | 37.97 | 40.67 | OK | |
r-release-linux-x86_64 | 1.0.5 | 2.49 | 38.07 | 40.56 | OK | |
r-release-macos-arm64 | 1.0.5 | 23.00 | OK | |||
r-release-macos-x86_64 | 1.0.5 | 42.00 | OK | |||
r-release-windows-x86_64 | 1.0.5 | 4.00 | 62.00 | 66.00 | OK | |
r-oldrel-macos-arm64 | 1.0.5 | 30.00 | OK | |||
r-oldrel-macos-x86_64 | 1.0.5 | 33.00 | OK | |||
r-oldrel-windows-x86_64 | 1.0.5 | 4.00 | 67.00 | 71.00 | OK |
Version: 1.0.5
Check: CRAN incoming feasibility
Result: NOTE
Maintainer: ‘Andreas Pfeiffer <apfeiffer1@gmail.com>’
No Authors@R field in DESCRIPTION.
Please add one, modifying
Authors@R: person(given = "Andreas",
family = "Pfeiffer",
role = c("aut", "cre"),
email = "apfeiffer1@gmail.com")
as necessary.
Flavors: r-devel-linux-x86_64-debian-clang, r-devel-linux-x86_64-debian-gcc