Last updated on 2023-09-29 12:56:51 CEST.
Flavor | Version | Tinstall | Tcheck | Ttotal | Status | Flags |
---|---|---|---|---|---|---|
r-devel-linux-x86_64-debian-clang | 1.20.1 | 39.63 | 82.00 | 121.63 | NOTE | |
r-devel-linux-x86_64-debian-gcc | 1.20.1 | 25.86 | 62.82 | 88.68 | NOTE | |
r-devel-linux-x86_64-fedora-clang | 1.20.1 | 162.60 | NOTE | |||
r-devel-linux-x86_64-fedora-gcc | 1.20.1 | 178.52 | NOTE | |||
r-devel-windows-x86_64 | 1.20.1 | 32.00 | 95.00 | 127.00 | NOTE | |
r-patched-linux-x86_64 | 1.20.1 | 35.60 | 80.71 | 116.31 | NOTE | |
r-release-linux-x86_64 | 1.20.1 | 28.64 | 81.61 | 110.25 | NOTE | |
r-release-macos-arm64 | 1.20.1 | 63.00 | NOTE | |||
r-release-macos-x86_64 | 1.20.1 | 85.00 | NOTE | |||
r-release-windows-x86_64 | 1.20.1 | 43.00 | 107.00 | 150.00 | NOTE | |
r-oldrel-macos-arm64 | 1.20.1 | 43.00 | OK | |||
r-oldrel-macos-x86_64 | 1.20.1 | 60.00 | OK | |||
r-oldrel-windows-x86_64 | 1.20.1 | 43.00 | 108.00 | 151.00 | OK |
Version: 1.20.1
Check: C++ specification
Result: NOTE
Specified C++11: please drop specification unless essential
Flavors: r-devel-linux-x86_64-debian-clang, r-devel-linux-x86_64-debian-gcc, r-devel-linux-x86_64-fedora-clang, r-devel-linux-x86_64-fedora-gcc, r-devel-windows-x86_64, r-patched-linux-x86_64, r-release-linux-x86_64, r-release-macos-arm64, r-release-macos-x86_64, r-release-windows-x86_64