Last updated on 2024-04-18 03:51:47 CEST.
Flavor | Version | Tinstall | Tcheck | Ttotal | Status | Flags |
---|---|---|---|---|---|---|
r-devel-linux-x86_64-debian-clang | 0.1.3 | 21.33 | 187.95 | 209.28 | NOTE | |
r-devel-linux-x86_64-debian-gcc | 0.1.3 | 14.05 | 138.74 | 152.79 | NOTE | |
r-devel-linux-x86_64-fedora-clang | 0.1.3 | 261.96 | NOTE | |||
r-devel-linux-x86_64-fedora-gcc | 0.1.3 | 285.55 | NOTE | |||
r-prerel-macos-arm64 | 0.1.3 | 76.00 | NOTE | |||
r-prerel-windows-x86_64 | 0.1.3 | 17.00 | 164.00 | 181.00 | NOTE | |
r-patched-linux-x86_64 | 0.1.3 | 12.48 | 177.07 | 189.55 | NOTE | |
r-release-linux-x86_64 | 0.1.3 | 12.75 | 182.30 | 195.05 | OK | |
r-release-macos-arm64 | 0.1.3 | 83.00 | OK | |||
r-release-macos-x86_64 | 0.1.3 | 176.00 | OK | |||
r-release-windows-x86_64 | 0.1.3 | 24.00 | 190.00 | 214.00 | OK | |
r-oldrel-macos-arm64 | 0.1.3 | 80.00 | OK | |||
r-oldrel-windows-x86_64 | 0.1.3 | 23.00 | 186.00 | 209.00 | OK |
Version: 0.1.3
Check: Rd files
Result: NOTE
checkRd: (-1) h2o_train.Rd:108: Lost braces
108 | \item{mtries}{Number of variables randomly sampled as candidates at each split. If set to -1, defaults to sqrt{p} for
| ^
Flavors: r-devel-linux-x86_64-debian-clang, r-devel-linux-x86_64-debian-gcc, r-devel-linux-x86_64-fedora-clang, r-devel-linux-x86_64-fedora-gcc, r-prerel-macos-arm64, r-prerel-windows-x86_64, r-patched-linux-x86_64