CRAN Package Check Results for Package agriutilities

Last updated on 2024-07-13 06:49:31 CEST.

Flavor Version Tinstall Tcheck Ttotal Status Flags
r-devel-linux-x86_64-debian-clang 1.2.0 12.93 116.27 129.20 NOTE
r-devel-linux-x86_64-debian-gcc 1.2.0 9.75 87.53 97.28 NOTE
r-devel-linux-x86_64-fedora-clang 1.2.0 171.31 NOTE
r-devel-linux-x86_64-fedora-gcc 1.2.0 162.21 NOTE
r-devel-windows-x86_64 1.2.0 14.00 99.00 113.00 NOTE
r-patched-linux-x86_64 1.2.0 13.59 114.31 127.90 NOTE
r-release-linux-x86_64 1.2.0 9.22 112.90 122.12 NOTE
r-release-macos-arm64 1.2.0 53.00 NOTE
r-release-macos-x86_64 1.2.0 73.00 NOTE
r-release-windows-x86_64 1.2.0 12.00 99.00 111.00 NOTE
r-oldrel-macos-arm64 1.2.0 43.00 NOTE
r-oldrel-macos-x86_64 1.2.0 67.00 NOTE
r-oldrel-windows-x86_64 1.2.0 15.00 122.00 137.00 NOTE

Check Details

Version: 1.2.0
Check: package dependencies
Result: NOTE Package which this enhances but not available for checking: ‘asreml’ Flavors: r-devel-linux-x86_64-debian-clang, r-devel-linux-x86_64-debian-gcc, r-devel-linux-x86_64-fedora-clang, r-devel-linux-x86_64-fedora-gcc, r-devel-windows-x86_64, r-patched-linux-x86_64, r-release-linux-x86_64, r-release-macos-arm64, r-release-macos-x86_64, r-release-windows-x86_64, r-oldrel-macos-arm64, r-oldrel-macos-x86_64, r-oldrel-windows-x86_64