Last updated on 2023-03-28 12:54:33 CEST.
Flavor | Version | Tinstall | Tcheck | Ttotal | Status | Flags |
---|---|---|---|---|---|---|
r-devel-linux-x86_64-debian-clang | 0.4.0 | 6.76 | 160.55 | 167.31 | OK | |
r-devel-linux-x86_64-debian-gcc | 0.4.0 | 7.72 | 118.56 | 126.28 | OK | |
r-devel-linux-x86_64-fedora-clang | 0.4.0 | 208.12 | NOTE | |||
r-devel-linux-x86_64-fedora-gcc | 0.4.0 | 204.09 | NOTE | |||
r-devel-windows-x86_64 | 0.4.0 | 20.00 | 193.00 | 213.00 | OK | |
r-patched-linux-x86_64 | 0.4.0 | 10.82 | 154.90 | 165.72 | OK | |
r-release-linux-x86_64 | 0.4.0 | 9.02 | 152.36 | 161.38 | OK | |
r-release-macos-arm64 | 0.4.0 | 64.00 | NOTE | |||
r-release-macos-x86_64 | 0.4.0 | 86.00 | NOTE | |||
r-release-windows-x86_64 | 0.4.0 | 22.00 | 193.00 | 215.00 | OK | |
r-oldrel-macos-arm64 | 0.4.0 | 110.00 | NOTE | |||
r-oldrel-macos-x86_64 | 0.4.0 | 111.00 | NOTE | |||
r-oldrel-windows-ix86+x86_64 | 0.4.0 | 19.00 | 192.00 | 211.00 | OK |
Version: 0.4.0
Check: dependencies in R code
Result: NOTE
Namespace in Imports field not imported from: ‘mathjaxr’
All declared Imports should be used.
Flavors: r-devel-linux-x86_64-fedora-clang, r-devel-linux-x86_64-fedora-gcc, r-release-macos-arm64, r-release-macos-x86_64, r-oldrel-macos-arm64, r-oldrel-macos-x86_64