Last updated on 2024-04-27 06:00:57 CEST.
Flavor | Version | Tinstall | Tcheck | Ttotal | Status | Flags |
---|---|---|---|---|---|---|
r-devel-linux-x86_64-debian-clang | 0.2.4 | 4.36 | 47.23 | 51.59 | OK | |
r-devel-linux-x86_64-debian-gcc | 0.2.4 | 3.89 | 36.21 | 40.10 | OK | |
r-devel-linux-x86_64-fedora-clang | 0.2.4 | 67.39 | NOTE | |||
r-devel-linux-x86_64-fedora-gcc | 0.2.4 | 67.48 | NOTE | |||
r-devel-windows-x86_64 | 0.2.4 | 4.00 | 57.00 | 61.00 | OK | |
r-patched-linux-x86_64 | 0.2.4 | 5.10 | 46.42 | 51.52 | OK | |
r-release-linux-x86_64 | 0.2.4 | 5.00 | 46.57 | 51.57 | OK | |
r-release-macos-arm64 | 0.2.4 | 24.00 | OK | |||
r-release-macos-x86_64 | 0.2.4 | 59.00 | OK | |||
r-release-windows-x86_64 | 0.2.4 | 5.00 | 55.00 | 60.00 | OK | |
r-oldrel-macos-arm64 | 0.2.4 | 29.00 | OK | |||
r-oldrel-macos-x86_64 | 0.2.4 | 68.00 | OK | |||
r-oldrel-windows-x86_64 | 0.2.4 | 5.00 | 61.00 | 66.00 | OK |
Version: 0.2.4
Check: data for non-ASCII characters
Result: NOTE
Note: found 11 marked UTF-8 strings
Flavors: r-devel-linux-x86_64-fedora-clang, r-devel-linux-x86_64-fedora-gcc