CRAN Package Check Results for Package advclust

Last updated on 2022-01-18 06:52:38 CET.

Flavor Version Tinstall Tcheck Ttotal Status Flags
r-devel-linux-x86_64-debian-clang 0.4 7.19 123.82 131.01 NOTE
r-devel-linux-x86_64-debian-gcc 0.4 6.50 91.46 97.96 NOTE
r-devel-linux-x86_64-fedora-clang 0.4 152.97 NOTE
r-devel-linux-x86_64-fedora-gcc 0.4 139.10 NOTE
r-devel-windows-x86_64-new-UL 0.4 85.00 141.00 226.00 NOTE
r-devel-windows-x86_64-new-TK 0.4 NOTE
r-patched-linux-x86_64 0.4 6.33 114.37 120.70 NOTE
r-release-linux-x86_64 0.4 NOTE
r-release-macos-arm64 0.4 NOTE
r-release-macos-x86_64 0.4 NOTE
r-release-windows-ix86+x86_64 0.4 21.00 136.00 157.00 NOTE
r-oldrel-macos-x86_64 0.4 OK
r-oldrel-windows-ix86+x86_64 0.4 19.00 134.00 153.00 OK

Check Details

Version: 0.4
Check: LazyData
Result: NOTE
     'LazyData' is specified without a 'data' directory
Flavors: r-devel-linux-x86_64-debian-clang, r-devel-linux-x86_64-debian-gcc, r-devel-linux-x86_64-fedora-clang, r-devel-linux-x86_64-fedora-gcc, r-devel-windows-x86_64-new-UL, r-devel-windows-x86_64-new-TK, r-patched-linux-x86_64, r-release-linux-x86_64, r-release-macos-arm64, r-release-macos-x86_64, r-release-windows-ix86+x86_64