Last updated on 2024-04-19 21:56:21 CEST.
Flavor | Version | Tinstall | Tcheck | Ttotal | Status | Flags |
---|---|---|---|---|---|---|
r-devel-linux-x86_64-debian-clang | 0.4.0 | 9.72 | 82.33 | 92.05 | OK | |
r-devel-linux-x86_64-debian-gcc | 0.4.0 | OK | ||||
r-devel-linux-x86_64-fedora-clang | 0.4.0 | 117.32 | NOTE | |||
r-devel-linux-x86_64-fedora-gcc | 0.4.0 | 125.21 | OK | |||
r-prerel-macos-arm64 | 0.4.0 | 43.00 | OK | |||
r-prerel-windows-x86_64 | 0.4.0 | 12.00 | 87.00 | 99.00 | OK | |
r-patched-linux-x86_64 | 0.4.0 | 11.22 | 77.64 | 88.86 | OK | |
r-release-linux-x86_64 | 0.4.0 | 10.79 | 77.39 | 88.18 | OK | |
r-release-macos-arm64 | 0.4.0 | 43.00 | OK | |||
r-release-macos-x86_64 | 0.4.0 | 102.00 | OK | |||
r-release-windows-x86_64 | 0.4.0 | 13.00 | 95.00 | 108.00 | OK | |
r-oldrel-macos-arm64 | 0.4.0 | 41.00 | OK | |||
r-oldrel-windows-x86_64 | 0.4.0 | 15.00 | 90.00 | 105.00 | OK |
Version: 0.4.0
Check: Rd cross-references
Result: NOTE
Undeclared package ‘tibble’ in Rd xrefs
Flavor: r-devel-linux-x86_64-fedora-clang