Last updated on 2024-04-23 12:49:20 CEST.
Flavor | Version | Tinstall | Tcheck | Ttotal | Status | Flags |
---|---|---|---|---|---|---|
r-devel-linux-x86_64-debian-clang | 1.1.2 | 33.54 | 171.59 | 205.13 | NOTE | |
r-devel-linux-x86_64-debian-gcc | 1.1.2 | 24.58 | 127.35 | 151.93 | NOTE | |
r-devel-linux-x86_64-fedora-clang | 1.1.2 | 259.99 | NOTE | |||
r-devel-linux-x86_64-fedora-gcc | 1.1.2 | 256.37 | NOTE | |||
r-prerel-macos-arm64 | 1.1.2 | 61.00 | NOTE | |||
r-prerel-windows-x86_64 | 1.1.2 | 17.00 | 126.00 | 143.00 | NOTE | |
r-patched-linux-x86_64 | 1.1.2 | 20.79 | 164.82 | 185.61 | NOTE | |
r-release-linux-x86_64 | 1.1.2 | 21.50 | 168.52 | 190.02 | NOTE | |
r-release-macos-arm64 | 1.1.2 | 54.00 | NOTE | |||
r-release-macos-x86_64 | 1.1.2 | 84.00 | NOTE | |||
r-release-windows-x86_64 | 1.1.2 | 22.00 | 152.00 | 174.00 | NOTE | |
r-oldrel-macos-arm64 | 1.1.2 | 45.00 | NOTE | |||
r-oldrel-windows-x86_64 | 1.1.2 | 23.00 | 155.00 | 178.00 | NOTE |
Version: 1.1.2
Check: LazyData
Result: NOTE
'LazyData' is specified without a 'data' directory
Flavors: r-devel-linux-x86_64-debian-clang, r-devel-linux-x86_64-debian-gcc, r-devel-linux-x86_64-fedora-clang, r-devel-linux-x86_64-fedora-gcc, r-prerel-macos-arm64, r-prerel-windows-x86_64, r-patched-linux-x86_64, r-release-linux-x86_64, r-release-macos-arm64, r-release-macos-x86_64, r-release-windows-x86_64, r-oldrel-macos-arm64, r-oldrel-windows-x86_64