Last updated on 2024-04-23 12:49:20 CEST.
Flavor | Version | Tinstall | Tcheck | Ttotal | Status | Flags |
---|---|---|---|---|---|---|
r-devel-linux-x86_64-debian-clang | 0.6.9 | 46.70 | 154.27 | 200.97 | NOTE | |
r-devel-linux-x86_64-debian-gcc | 0.6.9 | 37.19 | 158.52 | 195.71 | OK | |
r-devel-linux-x86_64-fedora-clang | 0.6.9 | 366.64 | OK | |||
r-devel-linux-x86_64-fedora-gcc | 0.6.9 | 346.61 | OK | |||
r-prerel-macos-arm64 | 0.6.9 | 96.00 | OK | |||
r-prerel-macos-x86_64 | 0.6.9 | 242.00 | OK | |||
r-prerel-windows-x86_64 | 0.6.9 | 40.00 | 187.00 | 227.00 | OK | |
r-patched-linux-x86_64 | 0.6.9 | 42.23 | 200.65 | 242.88 | OK | |
r-release-linux-x86_64 | 0.6.9 | 36.42 | 204.15 | 240.57 | OK | |
r-release-macos-arm64 | 0.6.9 | 80.00 | NOTE | |||
r-release-macos-x86_64 | 0.6.9 | 166.00 | NOTE | |||
r-release-windows-x86_64 | 0.6.9 | 52.00 | 235.00 | 287.00 | OK | |
r-oldrel-macos-arm64 | 0.6.9 | 77.00 | NOTE | |||
r-oldrel-windows-x86_64 | 0.6.9 | 48.00 | 223.00 | 271.00 | OK |
Version: 0.6.9
Check: package dependencies
Result: NOTE
Package suggested but not available for checking: ‘HiTC’
Flavors: r-devel-linux-x86_64-debian-clang, r-release-macos-x86_64, r-oldrel-macos-arm64
Version: 0.6.9
Check: package dependencies
Result: NOTE
Packages suggested but not available for checking: 'HiTC', 'snpStats'
Flavor: r-release-macos-arm64
Version: 0.6.9
Check: Rd cross-references
Result: NOTE
Package unavailable to check Rd xrefs: ‘snpStats’
Flavor: r-release-macos-arm64