CRAN Package Check Results for Package adept

Last updated on 2020-06-06 22:51:03 CEST.

Flavor Version Tinstall Tcheck Ttotal Status Flags
r-devel-linux-x86_64-debian-clang 1.1.2 11.54 337.08 348.62 OK
r-devel-linux-x86_64-debian-gcc 1.1.2 10.44 245.39 255.83 OK
r-devel-linux-x86_64-fedora-clang 1.1.2 478.30 NOTE
r-devel-linux-x86_64-fedora-gcc 1.1.2 404.37 NOTE
r-devel-windows-ix86+x86_64 1.1.2 39.00 125.00 164.00 NOTE --no-vignettes
r-patched-linux-x86_64 1.1.2 9.03 327.92 336.95 OK
r-patched-solaris-x86 1.1.2 1021.80 NOTE
r-release-linux-x86_64 1.1.2 11.91 327.30 339.21 OK
r-release-osx-x86_64 1.1.2 NOTE
r-release-windows-ix86+x86_64 1.1.2 37.00 184.00 221.00 NOTE --no-vignettes
r-oldrel-osx-x86_64 1.1.2 NOTE
r-oldrel-windows-ix86+x86_64 1.1.2 35.00 106.00 141.00 NOTE --no-vignettes

Check Details

Version: 1.1.2
Check: installed package size
Result: NOTE
     installed size is 5.5Mb
     sub-directories of 1Mb or more:
     doc 4.7Mb
Flavors: r-devel-linux-x86_64-fedora-clang, r-patched-solaris-x86, r-release-osx-x86_64, r-oldrel-osx-x86_64

Version: 1.1.2
Check: dependencies in R code
Result: NOTE
    Namespace in Imports field not imported from: ‘tibble’
     All declared Imports should be used.
Flavors: r-devel-linux-x86_64-fedora-clang, r-devel-linux-x86_64-fedora-gcc, r-patched-solaris-x86, r-release-osx-x86_64, r-oldrel-osx-x86_64

Version: 1.1.2
Flags: --no-vignettes
Check: installed package size
Result: NOTE
     installed size is 5.5Mb
     sub-directories of 1Mb or more:
     doc 4.7Mb
Flavors: r-devel-windows-ix86+x86_64, r-release-windows-ix86+x86_64, r-oldrel-windows-ix86+x86_64