Last updated on 2022-05-26 21:50:00 CEST.
Flavor | Version | Tinstall | Tcheck | Ttotal | Status | Flags |
---|---|---|---|---|---|---|
r-devel-linux-x86_64-debian-clang | 2.1.6 | 33.60 | 261.01 | 294.61 | OK | |
r-devel-linux-x86_64-debian-gcc | 2.1.6 | 27.98 | 216.91 | 244.89 | OK | |
r-devel-linux-x86_64-fedora-clang | 2.1.6 | 369.38 | OK | |||
r-devel-linux-x86_64-fedora-gcc | 2.1.6 | 331.95 | OK | |||
r-devel-windows-x86_64 | 2.1.6 | 184.00 | 279.00 | 463.00 | OK | |
r-patched-linux-x86_64 | 2.1.6 | 40.85 | 244.93 | 285.78 | OK | |
r-release-linux-x86_64 | 2.1.6 | 27.74 | 238.80 | 266.54 | OK | |
r-release-macos-arm64 | 2.1.6 | 101.00 | NOTE | |||
r-release-macos-x86_64 | 2.1.6 | 126.00 | OK | |||
r-release-windows-x86_64 | 2.1.6 | 179.00 | 293.00 | 472.00 | OK | |
r-oldrel-macos-arm64 | 2.1.6 | 102.00 | NOTE | |||
r-oldrel-macos-x86_64 | 2.1.6 | 125.00 | OK | |||
r-oldrel-windows-ix86+x86_64 | 2.1.6 | 70.00 | 386.00 | 456.00 | OK |
Version: 2.1.6
Check: installed package size
Result: NOTE
installed size is 5.8Mb
sub-directories of 1Mb or more:
R 2.0Mb
data 1.3Mb
files 1.7Mb
Flavors: r-release-macos-arm64, r-oldrel-macos-arm64