Last updated on 2024-04-24 21:54:39 CEST.
Flavor | Version | Tinstall | Tcheck | Ttotal | Status | Flags |
---|---|---|---|---|---|---|
r-devel-linux-x86_64-debian-clang | 1.7-22 | 93.20 | 391.63 | 484.83 | NOTE | |
r-devel-linux-x86_64-debian-gcc | 1.7-22 | 80.94 | 264.75 | 345.69 | NOTE | |
r-devel-linux-x86_64-fedora-clang | 1.7-22 | 641.54 | NOTE | |||
r-devel-linux-x86_64-fedora-gcc | 1.7-22 | 620.11 | NOTE | |||
r-devel-windows-x86_64 | 1.7-22 | 83.00 | 377.00 | 460.00 | NOTE | |
r-patched-linux-x86_64 | 1.7-22 | 98.87 | 362.49 | 461.36 | NOTE | |
r-release-linux-x86_64 | 1.7-22 | 102.19 | 374.39 | 476.58 | OK | |
r-release-macos-arm64 | 1.7-22 | 147.00 | NOTE | |||
r-release-windows-x86_64 | 1.7-22 | 81.00 | 369.00 | 450.00 | NOTE | |
r-oldrel-macos-arm64 | 1.7-22 | 149.00 | NOTE | |||
r-oldrel-macos-x86_64 | 1.7-22 | 266.00 | NOTE | |||
r-oldrel-windows-x86_64 | 1.7-22 | 104.00 | 482.00 | 586.00 | NOTE |
Version: 1.7-22
Check: Rd files
Result: NOTE
checkRd: (-1) varipart.Rd:19: Lost braces
19 | \item{type}{a character specifying the algorithm which should be used to adjust R-squared (either \code{"simulated"} or \ code{"parametric"}).}
| ^
Flavors: r-devel-linux-x86_64-debian-clang, r-devel-linux-x86_64-debian-gcc, r-devel-linux-x86_64-fedora-clang, r-devel-linux-x86_64-fedora-gcc, r-devel-windows-x86_64, r-patched-linux-x86_64, r-release-windows-x86_64
Version: 1.7-22
Check: installed package size
Result: NOTE
installed size is 6.4Mb
sub-directories of 1Mb or more:
R 1.4Mb
data 3.0Mb
Flavors: r-devel-linux-x86_64-fedora-clang, r-devel-windows-x86_64, r-release-macos-arm64, r-release-windows-x86_64, r-oldrel-macos-arm64, r-oldrel-macos-x86_64, r-oldrel-windows-x86_64
Version: 1.7-22
Check: dependencies in R code
Result: NOTE
Namespace in Imports field not imported from: ‘sp’
All declared Imports should be used.
Flavors: r-devel-linux-x86_64-fedora-clang, r-devel-linux-x86_64-fedora-gcc