CRAN Package Check Results for Package addreg

Last updated on 2022-01-23 12:05:02 CET.

Flavor Version Tinstall Tcheck Ttotal Status Flags
r-devel-linux-x86_64-debian-clang 3.0 19.65 156.59 176.24 NOTE
r-devel-linux-x86_64-debian-gcc 3.0 17.20 132.18 149.38 NOTE
r-devel-linux-x86_64-fedora-clang 3.0 214.45 NOTE
r-devel-linux-x86_64-fedora-gcc 3.0 197.69 NOTE
r-devel-windows-x86_64-new-UL 3.0 31.00 175.00 206.00 NOTE
r-devel-windows-x86_64-new-TK 3.0 NOTE
r-patched-linux-x86_64 3.0 19.72 147.64 167.36 NOTE
r-release-linux-x86_64 3.0 16.40 147.58 163.98 NOTE
r-release-macos-arm64 3.0 NOTE
r-release-macos-x86_64 3.0 NOTE
r-release-windows-ix86+x86_64 3.0 42.00 170.00 212.00 NOTE
r-oldrel-macos-x86_64 3.0 OK
r-oldrel-windows-ix86+x86_64 3.0 42.00 175.00 217.00 OK

Check Details

Version: 3.0
Check: LazyData
Result: NOTE
     'LazyData' is specified without a 'data' directory
Flavors: r-devel-linux-x86_64-debian-clang, r-devel-linux-x86_64-debian-gcc, r-devel-linux-x86_64-fedora-clang, r-devel-linux-x86_64-fedora-gcc, r-devel-windows-x86_64-new-UL, r-devel-windows-x86_64-new-TK, r-patched-linux-x86_64, r-release-linux-x86_64, r-release-macos-arm64, r-release-macos-x86_64, r-release-windows-ix86+x86_64