Last updated on 2024-04-24 06:19:07 CEST.
Flavor | Version | Tinstall | Tcheck | Ttotal | Status | Flags |
---|---|---|---|---|---|---|
r-devel-linux-x86_64-debian-clang | 0.1.6 | 9.96 | 65.34 | 75.30 | NOTE | |
r-devel-linux-x86_64-debian-gcc | 0.1.6 | 6.91 | 50.11 | 57.02 | NOTE | |
r-devel-linux-x86_64-fedora-clang | 0.1.6 | 95.76 | NOTE | |||
r-devel-linux-x86_64-fedora-gcc | 0.1.6 | 104.04 | NOTE | |||
r-prerel-macos-arm64 | 0.1.6 | 34.00 | NOTE | |||
r-prerel-windows-x86_64 | 0.1.6 | 8.00 | 75.00 | 83.00 | NOTE | |
r-patched-linux-x86_64 | 0.1.6 | 7.40 | 64.14 | 71.54 | NOTE | |
r-release-linux-x86_64 | 0.1.6 | 7.11 | 62.27 | 69.38 | NOTE | |
r-release-macos-arm64 | 0.1.6 | 38.00 | NOTE | |||
r-release-macos-x86_64 | 0.1.6 | 53.00 | NOTE | |||
r-release-windows-x86_64 | 0.1.6 | 12.00 | 74.00 | 86.00 | NOTE | |
r-oldrel-macos-arm64 | 0.1.6 | 30.00 | NOTE | |||
r-oldrel-windows-x86_64 | 0.1.6 | 12.00 | 80.00 | 92.00 | NOTE |
Version: 0.1.6
Check: LazyData
Result: NOTE
'LazyData' is specified without a 'data' directory
Flavors: r-devel-linux-x86_64-debian-clang, r-devel-linux-x86_64-debian-gcc, r-devel-linux-x86_64-fedora-clang, r-devel-linux-x86_64-fedora-gcc, r-prerel-macos-arm64, r-prerel-windows-x86_64, r-patched-linux-x86_64, r-release-linux-x86_64, r-release-macos-arm64, r-release-macos-x86_64, r-release-windows-x86_64, r-oldrel-macos-arm64, r-oldrel-windows-x86_64