Last updated on 2023-06-09 11:57:16 CEST.
Flavor | Version | Tinstall | Tcheck | Ttotal | Status | Flags |
---|---|---|---|---|---|---|
r-devel-linux-x86_64-debian-clang | 0.1.3 | 32.10 | 322.14 | 354.24 | OK | |
r-devel-linux-x86_64-debian-gcc | 0.1.3 | 24.77 | 241.28 | 266.05 | OK | |
r-devel-linux-x86_64-fedora-clang | 0.1.3 | 428.71 | OK | |||
r-devel-linux-x86_64-fedora-gcc | 0.1.3 | 431.82 | OK | |||
r-devel-windows-x86_64 | 0.1.3 | 31.00 | 225.00 | 256.00 | OK | |
r-patched-linux-x86_64 | 0.1.3 | 26.10 | 300.28 | 326.38 | OK | |
r-release-linux-x86_64 | 0.1.3 | 27.29 | 298.45 | 325.74 | OK | |
r-release-macos-arm64 | 0.1.3 | 6.00 | ERROR | |||
r-release-macos-x86_64 | 0.1.3 | 6.00 | ERROR | |||
r-release-windows-x86_64 | 0.1.3 | 37.00 | 289.00 | 326.00 | OK | |
r-oldrel-macos-arm64 | 0.1.3 | 117.00 | OK | |||
r-oldrel-macos-x86_64 | 0.1.3 | 162.00 | OK | |||
r-oldrel-windows-x86_64 | 0.1.3 | 37.00 | 283.00 | 320.00 | OK |
Version: 0.1.3
Check: package dependencies
Result: ERROR
Package required but not available: ‘phyloseq’
See section ‘The DESCRIPTION file’ in the ‘Writing R Extensions’
manual.
Flavors: r-release-macos-arm64, r-release-macos-x86_64