Last updated on 2024-04-19 11:56:38 CEST.
Flavor | Version | Tinstall | Tcheck | Ttotal | Status | Flags |
---|---|---|---|---|---|---|
r-devel-linux-x86_64-debian-clang | 5.0 | 17.38 | 160.22 | 177.60 | OK | |
r-devel-linux-x86_64-debian-gcc | 5.0 | OK | ||||
r-devel-linux-x86_64-fedora-clang | 5.0 | 219.11 | OK | |||
r-devel-linux-x86_64-fedora-gcc | 5.0 | 214.00 | OK | |||
r-prerel-macos-arm64 | 5.0 | 60.00 | OK | |||
r-prerel-windows-x86_64 | 5.0 | 17.00 | 126.00 | 143.00 | OK | |
r-patched-linux-x86_64 | 5.0 | 13.51 | 149.06 | 162.57 | OK | |
r-release-linux-x86_64 | 5.0 | 12.84 | 150.68 | 163.52 | OK | |
r-release-macos-arm64 | 5.0 | 59.00 | OK | |||
r-release-macos-x86_64 | 5.0 | 130.00 | OK | |||
r-release-windows-x86_64 | 5.0 | 21.00 | 163.00 | 184.00 | OK | |
r-oldrel-macos-arm64 | 5.0 | 68.00 | OK | |||
r-oldrel-windows-x86_64 | 5.0 | 23.00 | 166.00 | 189.00 | NOTE |
Version: 5.0
Check: HTML version of manual
Result: NOTE
Found the following problems:
errorevol_ranking_vector_IW.Rd:68:38: Warning: nested emphasis <code>
Flavor: r-oldrel-windows-x86_64