Last updated on 2025-02-01 12:48:21 CET.
Flavor | Version | Tinstall | Tcheck | Ttotal | Status | Flags |
---|---|---|---|---|---|---|
r-devel-linux-x86_64-debian-clang | 2.0-5 | 2.90 | 23.98 | 26.88 | NOTE | |
r-devel-linux-x86_64-debian-gcc | 2.0-5 | 1.82 | 18.41 | 20.23 | NOTE | |
r-devel-linux-x86_64-fedora-clang | 2.0-5 | 43.74 | NOTE | |||
r-devel-linux-x86_64-fedora-gcc | 2.0-5 | 39.84 | NOTE | |||
r-devel-windows-x86_64 | 2.0-5 | 4.00 | 56.00 | 60.00 | NOTE | |
r-patched-linux-x86_64 | 2.0-5 | 2.14 | 22.77 | 24.91 | NOTE | |
r-release-linux-x86_64 | 2.0-5 | 1.92 | 23.18 | 25.10 | NOTE | |
r-release-macos-arm64 | 2.0-5 | 22.00 | NOTE | |||
r-release-macos-x86_64 | 2.0-5 | 26.00 | NOTE | |||
r-release-windows-x86_64 | 2.0-5 | 4.00 | 51.00 | 55.00 | NOTE | |
r-oldrel-macos-arm64 | 2.0-5 | 20.00 | NOTE | |||
r-oldrel-macos-x86_64 | 2.0-5 | 25.00 | NOTE | |||
r-oldrel-windows-x86_64 | 2.0-5 | 5.00 | 52.00 | 57.00 | NOTE |
Version: 2.0-5
Check: Rd files
Result: NOTE
checkRd: (-1) ada.Rd:171: Escaped LaTeX specials: \&
Flavors: r-devel-linux-x86_64-debian-clang, r-devel-linux-x86_64-debian-gcc, r-devel-linux-x86_64-fedora-clang, r-devel-linux-x86_64-fedora-gcc, r-devel-windows-x86_64, r-patched-linux-x86_64, r-release-linux-x86_64, r-release-macos-arm64, r-release-macos-x86_64, r-release-windows-x86_64, r-oldrel-macos-arm64, r-oldrel-macos-x86_64, r-oldrel-windows-x86_64