CRAN Package Check Results for Package acs

Last updated on 2024-03-01 03:56:24 CET.

Flavor Version Tinstall Tcheck Ttotal Status Flags
r-devel-linux-x86_64-debian-clang 2.1.4 12.12 62.35 74.47 OK
r-devel-linux-x86_64-debian-gcc 2.1.4 8.02 47.85 55.87 OK
r-devel-linux-x86_64-fedora-clang 2.1.4 91.09 NOTE
r-devel-linux-x86_64-fedora-gcc 2.1.4 86.83 NOTE
r-devel-windows-x86_64 2.1.4 10.00 70.00 80.00 OK
r-patched-linux-x86_64 2.1.4 9.72 61.30 71.02 OK
r-release-linux-x86_64 2.1.4 13.17 62.13 75.30 OK
r-release-macos-arm64 2.1.4 33.00 OK
r-release-macos-x86_64 2.1.4 50.00 OK
r-release-windows-x86_64 2.1.4 13.00 78.00 91.00 OK
r-oldrel-macos-arm64 2.1.4 28.00 OK
r-oldrel-windows-x86_64 2.1.4 16.00 85.00 101.00 OK

Check Details

Version: 2.1.4
Check: top-level files
Result: NOTE ‘configure’: /bin/bash is not portable Flavors: r-devel-linux-x86_64-fedora-clang, r-devel-linux-x86_64-fedora-gcc