CRAN Package Check Results for Package aceEditor

Last updated on 2024-02-24 21:40:13 CET.

Flavor Version Tinstall Tcheck Ttotal Status Flags
r-devel-linux-x86_64-debian-clang 1.0.1 4.24 30.14 34.38 NOTE
r-devel-linux-x86_64-debian-gcc 1.0.1 3.06 23.66 26.72 NOTE
r-devel-linux-x86_64-fedora-clang 1.0.1 41.09 NOTE
r-devel-linux-x86_64-fedora-gcc 1.0.1 39.54 NOTE
r-devel-windows-x86_64 1.0.1 5.00 46.00 51.00 NOTE
r-patched-linux-x86_64 1.0.1 4.67 28.97 33.64 NOTE
r-release-linux-x86_64 1.0.1 4.20 29.72 33.92 NOTE
r-release-macos-arm64 1.0.1 19.00 NOTE
r-release-macos-x86_64 1.0.1 25.00 NOTE
r-release-windows-x86_64 1.0.1 6.00 48.00 54.00 NOTE
r-oldrel-macos-arm64 1.0.1 18.00 NOTE
r-oldrel-windows-x86_64 1.0.1 6.00 50.00 56.00 NOTE

Check Details

Version: 1.0.1
Check: LazyData
Result: NOTE 'LazyData' is specified without a 'data' directory Flavors: r-devel-linux-x86_64-debian-clang, r-devel-linux-x86_64-debian-gcc, r-devel-linux-x86_64-fedora-clang, r-devel-linux-x86_64-fedora-gcc, r-devel-windows-x86_64, r-patched-linux-x86_64, r-release-linux-x86_64, r-release-macos-arm64, r-release-macos-x86_64, r-release-windows-x86_64, r-oldrel-macos-arm64, r-oldrel-windows-x86_64

Version: 1.0.1
Check: installed package size
Result: NOTE installed size is 11.7Mb sub-directories of 1Mb or more: htmlwidgets 11.6Mb Flavors: r-devel-linux-x86_64-fedora-clang, r-devel-windows-x86_64, r-release-macos-arm64, r-release-macos-x86_64, r-release-windows-x86_64, r-oldrel-macos-arm64, r-oldrel-windows-x86_64