CRAN Package Check Results for Package abstr

Last updated on 2023-01-29 12:55:21 CET.

Flavor Version Tinstall Tcheck Ttotal Status Flags
r-devel-linux-x86_64-debian-clang 0.4.1 2.58 63.76 66.34 OK
r-devel-linux-x86_64-debian-gcc 0.4.1 2.24 46.83 49.07 OK
r-devel-linux-x86_64-fedora-clang 0.4.1 88.24 NOTE
r-devel-linux-x86_64-fedora-gcc 0.4.1 92.73 NOTE
r-devel-windows-x86_64 0.4.1 21.00 107.00 128.00 OK
r-patched-linux-x86_64 0.4.1 3.67 61.17 64.84 OK
r-release-linux-x86_64 0.4.1 2.48 55.71 58.19 OK
r-release-macos-arm64 0.4.1 34.00 NOTE
r-release-macos-x86_64 0.4.1 58.00 NOTE
r-release-windows-x86_64 0.4.1 23.00 100.00 123.00 OK
r-oldrel-macos-arm64 0.4.1 161.00 NOTE
r-oldrel-macos-x86_64 0.4.1 43.00 NOTE
r-oldrel-windows-ix86+x86_64 0.4.1 8.00 92.00 100.00 OK

Check Details

Version: 0.4.1
Check: dependencies in R code
Result: NOTE
    Namespace in Imports field not imported from: ‘tibble’
     All declared Imports should be used.
Flavors: r-devel-linux-x86_64-fedora-clang, r-devel-linux-x86_64-fedora-gcc, r-release-macos-arm64, r-release-macos-x86_64, r-oldrel-macos-arm64, r-oldrel-macos-x86_64