Last updated on 2023-04-01 11:51:20 CEST.
Flavor | Version | Tinstall | Tcheck | Ttotal | Status | Flags |
---|---|---|---|---|---|---|
r-devel-linux-x86_64-debian-clang | 0.1.1 | 2.15 | 22.25 | 24.40 | OK | |
r-devel-linux-x86_64-debian-gcc | 0.1.1 | 1.70 | 17.53 | 19.23 | OK | |
r-devel-linux-x86_64-fedora-clang | 0.1.1 | 31.46 | NOTE | |||
r-devel-linux-x86_64-fedora-gcc | 0.1.1 | 29.37 | NOTE | |||
r-devel-windows-x86_64 | 0.1.1 | 3.00 | 48.00 | 51.00 | OK | |
r-patched-linux-x86_64 | 0.1.1 | 2.17 | 21.89 | 24.06 | OK | |
r-release-linux-x86_64 | 0.1.1 | 2.18 | 24.39 | 26.57 | OK | |
r-release-macos-arm64 | 0.1.1 | 15.00 | NOTE | |||
r-release-macos-x86_64 | 0.1.1 | 22.00 | NOTE | |||
r-release-windows-x86_64 | 0.1.1 | 12.00 | 59.00 | 71.00 | OK | |
r-oldrel-macos-arm64 | 0.1.1 | 17.00 | NOTE | |||
r-oldrel-macos-x86_64 | 0.1.1 | 22.00 | NOTE | |||
r-oldrel-windows-ix86+x86_64 | 0.1.1 | 6.00 | 51.00 | 57.00 | OK |
Version: 0.1.1
Check: dependencies in R code
Result: NOTE
Namespace in Imports field not imported from: ‘MASS’
All declared Imports should be used.
Flavors: r-devel-linux-x86_64-fedora-clang, r-devel-linux-x86_64-fedora-gcc, r-release-macos-arm64, r-release-macos-x86_64, r-oldrel-macos-arm64, r-oldrel-macos-x86_64