Last updated on 2023-03-26 21:54:28 CEST.
Flavor | Version | Tinstall | Tcheck | Ttotal | Status | Flags |
---|---|---|---|---|---|---|
r-devel-linux-x86_64-debian-clang | 0.4.7 | 244.70 | 107.45 | 352.15 | OK | |
r-devel-linux-x86_64-debian-gcc | 0.4.7 | 212.26 | 87.72 | 299.98 | OK | |
r-devel-linux-x86_64-fedora-gcc | 0.4.7 | 490.25 | OK | |||
r-devel-windows-x86_64 | 0.4.7 | 226.00 | 180.00 | 406.00 | OK | |
r-patched-linux-x86_64 | 0.4.7 | 223.09 | 113.52 | 336.61 | OK | |
r-release-linux-x86_64 | 0.4.7 | 215.32 | 106.67 | 321.99 | OK | |
r-release-macos-arm64 | 0.4.7 | 110.00 | NOTE | |||
r-release-macos-x86_64 | 0.4.7 | 188.00 | NOTE | |||
r-release-windows-x86_64 | 0.4.7 | 276.00 | 170.00 | 446.00 | OK | |
r-oldrel-macos-arm64 | 0.4.7 | 104.00 | NOTE | |||
r-oldrel-macos-x86_64 | 0.4.7 | 180.00 | NOTE | |||
r-oldrel-windows-ix86+x86_64 | 0.4.7 | 244.00 | 138.00 | 382.00 | OK |
Version: 0.4.7
Check: installed package size
Result: NOTE
installed size is 95.9Mb
sub-directories of 1Mb or more:
libs 94.9Mb
Flavors: r-release-macos-arm64, r-release-macos-x86_64, r-oldrel-macos-arm64, r-oldrel-macos-x86_64