Last updated on 2025-02-22 21:51:04 CET.
Flavor | Version | Tinstall | Tcheck | Ttotal | Status | Flags |
---|---|---|---|---|---|---|
r-devel-linux-x86_64-debian-clang | 1.1.7 | 13.18 | 105.51 | 118.69 | NOTE | |
r-devel-linux-x86_64-debian-gcc | 1.1.7 | 8.44 | 72.11 | 80.55 | NOTE | |
r-devel-linux-x86_64-fedora-clang | 1.1.7 | 188.92 | OK | |||
r-devel-linux-x86_64-fedora-gcc | 1.1.7 | 181.99 | OK | |||
r-devel-macos-arm64 | 1.1.7 | 59.00 | OK | |||
r-devel-macos-x86_64 | 1.1.7 | 101.00 | OK | |||
r-devel-windows-x86_64 | 1.1.7 | 17.00 | 119.00 | 136.00 | NOTE | |
r-patched-linux-x86_64 | 1.1.7 | 20.14 | 96.09 | 116.23 | OK | |
r-release-linux-x86_64 | 1.1.7 | 12.67 | 95.66 | 108.33 | OK | |
r-release-macos-arm64 | 1.1.7 | 55.00 | OK | |||
r-release-macos-x86_64 | 1.1.7 | 84.00 | OK | |||
r-release-windows-x86_64 | 1.1.7 | 19.00 | 118.00 | 137.00 | OK | |
r-oldrel-macos-arm64 | 1.1.7 | 60.00 | OK | |||
r-oldrel-macos-x86_64 | 1.1.7 | 147.00 | OK | |||
r-oldrel-windows-x86_64 | 1.1.7 | 22.00 | 148.00 | 170.00 | OK |
Version: 1.1.7
Check: Rd cross-references
Result: NOTE
Found the following Rd file(s) with Rd \link{} targets missing package
anchors:
abctools-package.Rd: abc
cov.pi.Rd: abc, postpr
Please provide package anchors for all Rd \link{} targets not in the
package itself and the base packages.
Flavors: r-devel-linux-x86_64-debian-clang, r-devel-linux-x86_64-debian-gcc, r-devel-windows-x86_64