Last updated on 2024-04-18 06:09:39 CEST.
Flavor | Version | Tinstall | Tcheck | Ttotal | Status | Flags |
---|---|---|---|---|---|---|
r-devel-linux-x86_64-debian-clang | 0.4.0 | 555.23 | 42.90 | 598.13 | NOTE | |
r-devel-linux-x86_64-debian-gcc | 0.4.0 | 473.91 | 32.40 | 506.31 | NOTE | |
r-devel-linux-x86_64-fedora-clang | 0.4.0 | 870.41 | NOTE | |||
r-devel-linux-x86_64-fedora-gcc | 0.4.0 | 991.31 | NOTE | |||
r-prerel-macos-arm64 | 0.4.0 | 185.00 | NOTE | |||
r-prerel-windows-x86_64 | 0.4.0 | 415.00 | 90.00 | 505.00 | NOTE | |
r-patched-linux-x86_64 | 0.4.0 | 566.08 | 41.06 | 607.14 | NOTE | |
r-release-linux-x86_64 | 0.4.0 | 586.93 | 41.33 | 628.26 | NOTE | |
r-release-macos-arm64 | 0.4.0 | 226.00 | NOTE | |||
r-release-macos-x86_64 | 0.4.0 | 408.00 | NOTE | |||
r-release-windows-x86_64 | 0.4.0 | 517.00 | 104.00 | 621.00 | NOTE | |
r-oldrel-macos-arm64 | 0.4.0 | 243.00 | NOTE | |||
r-oldrel-windows-x86_64 | 0.4.0 | 490.00 | 95.00 | 585.00 | OK |
Version: 0.4.0
Check: C++ specification
Result: NOTE
Specified C++11: please drop specification unless essential
Flavors: r-devel-linux-x86_64-debian-clang, r-devel-linux-x86_64-debian-gcc, r-devel-linux-x86_64-fedora-clang, r-devel-linux-x86_64-fedora-gcc, r-prerel-macos-arm64, r-prerel-windows-x86_64, r-patched-linux-x86_64, r-release-linux-x86_64, r-release-macos-arm64, r-release-macos-x86_64, r-release-windows-x86_64
Version: 0.4.0
Check: Rd files
Result: NOTE
checkRd: (-1) abclass.Rd:133: Lost braces; missing escapes or markup?
133 | \code{abclass.control()} returns an object of class {abclass.control}
| ^
checkRd: (-1) supclass.Rd:109: Lost braces; missing escapes or markup?
109 | to solve the equivalent linear programming problem via the package {Rglpk}.
| ^
checkRd: (-1) supclass.Rd:110: Lost braces; missing escapes or markup?
110 | It is recommended to use a recent version of {GLPK}.
| ^
Flavors: r-devel-linux-x86_64-debian-clang, r-devel-linux-x86_64-debian-gcc, r-devel-linux-x86_64-fedora-clang, r-devel-linux-x86_64-fedora-gcc, r-prerel-macos-arm64, r-prerel-windows-x86_64, r-patched-linux-x86_64
Version: 0.4.0
Check: installed package size
Result: NOTE
installed size is 29.7Mb
sub-directories of 1Mb or more:
libs 29.2Mb
Flavors: r-prerel-macos-arm64, r-release-macos-arm64, r-release-macos-x86_64, r-oldrel-macos-arm64