Last updated on 2023-12-04 20:52:28 CET.
Flavor | Version | Tinstall | Tcheck | Ttotal | Status | Flags |
---|---|---|---|---|---|---|
r-devel-linux-x86_64-debian-clang | 0.2.4 | 299.89 | 141.61 | 441.50 | OK | |
r-devel-linux-x86_64-debian-gcc | 0.2.4 | 197.36 | 100.02 | 297.38 | OK | |
r-devel-linux-x86_64-fedora-clang | 0.2.4 | 643.48 | OK | |||
r-devel-linux-x86_64-fedora-gcc | 0.2.4 | 614.27 | OK | |||
r-devel-windows-x86_64 | 0.2.4 | 224.00 | 156.00 | 380.00 | OK | |
r-patched-linux-x86_64 | 0.2.4 | 233.74 | 133.07 | 366.81 | OK | |
r-release-linux-x86_64 | 0.2.4 | 254.34 | 130.18 | 384.52 | OK | |
r-release-macos-arm64 | 0.2.4 | 133.00 | NOTE | |||
r-release-macos-x86_64 | 0.2.4 | 152.00 | NOTE | |||
r-release-windows-x86_64 | 0.2.4 | 285.00 | 181.00 | 466.00 | OK | |
r-oldrel-macos-arm64 | 0.2.4 | 133.00 | NOTE | |||
r-oldrel-macos-x86_64 | 0.2.4 | 175.00 | NOTE | |||
r-oldrel-windows-x86_64 | 0.2.4 | 260.00 | 171.00 | 431.00 | OK |
Version: 0.2.4
Check: installed package size
Result: NOTE
installed size is 5.8Mb
sub-directories of 1Mb or more:
libs 5.3Mb
Flavors: r-release-macos-arm64, r-release-macos-x86_64, r-oldrel-macos-arm64, r-oldrel-macos-x86_64