CRAN Package Check Results for Package aPEAR

Last updated on 2024-03-03 12:52:42 CET.

Flavor Version Tinstall Tcheck Ttotal Status Flags
r-devel-linux-x86_64-debian-clang 1.0.0 11.75 130.60 142.35 NOTE
r-devel-linux-x86_64-debian-gcc 1.0.0 11.23 146.30 157.53 OK
r-devel-linux-x86_64-fedora-clang 1.0.0 262.90 OK
r-devel-linux-x86_64-fedora-gcc 1.0.0 266.40 OK
r-devel-windows-x86_64 1.0.0 14.00 159.00 173.00 OK
r-patched-linux-x86_64 1.0.0 13.15 186.95 200.10 OK
r-release-linux-x86_64 1.0.0 12.02 187.14 199.16 OK
r-release-macos-arm64 1.0.0 79.00 OK
r-release-macos-x86_64 1.0.0 178.00 OK
r-release-windows-x86_64 1.0.0 17.00 198.00 215.00 OK
r-oldrel-macos-arm64 1.0.0 76.00 OK
r-oldrel-windows-x86_64 1.0.0 17.00 203.00 220.00 OK

Check Details

Version: 1.0.0
Check: package dependencies
Result: NOTE Package suggested but not available for checking: ‘clusterProfiler’ Flavor: r-devel-linux-x86_64-debian-clang

Version: 1.0.0
Check: re-building of vignette outputs
Result: NOTE Note: skipping ‘aPEAR-vignette.Rmd’ due to unavailable dependencies: 'clusterProfiler' Flavor: r-devel-linux-x86_64-debian-clang