Last updated on 2023-04-01 07:10:32 CEST.
Flavor | Version | Tinstall | Tcheck | Ttotal | Status | Flags |
---|---|---|---|---|---|---|
r-devel-linux-x86_64-debian-clang | 1.1.2 | 6.19 | 37.77 | 43.96 | OK | |
r-devel-linux-x86_64-debian-gcc | 1.1.2 | 4.59 | 28.85 | 33.44 | OK | |
r-devel-linux-x86_64-fedora-clang | 1.1.2 | 55.71 | NOTE | |||
r-devel-linux-x86_64-fedora-gcc | 1.1.2 | 51.99 | NOTE | |||
r-devel-windows-x86_64 | 1.1.2 | 28.00 | 0.00 | 28.00 | OK | |
r-patched-linux-x86_64 | 1.1.2 | 5.56 | 35.89 | 41.45 | OK | |
r-release-linux-x86_64 | 1.1.2 | 3.81 | 36.95 | 40.76 | OK | |
r-release-macos-arm64 | 1.1.2 | 17.00 | NOTE | |||
r-release-macos-x86_64 | 1.1.2 | 36.00 | NOTE | |||
r-release-windows-x86_64 | 1.1.2 | 24.00 | 75.00 | 99.00 | OK | |
r-oldrel-macos-arm64 | 1.1.2 | 19.00 | NOTE | |||
r-oldrel-macos-x86_64 | 1.1.2 | 27.00 | NOTE | |||
r-oldrel-windows-ix86+x86_64 | 1.1.2 | 15.00 | 64.00 | 79.00 | OK |
Version: 1.1.2
Check: dependencies in R code
Result: NOTE
Namespaces in Imports field not imported from:
‘devtools’ ‘dplyr’ ‘gridExtra’
All declared Imports should be used.
Flavors: r-devel-linux-x86_64-fedora-clang, r-devel-linux-x86_64-fedora-gcc, r-release-macos-arm64, r-release-macos-x86_64, r-oldrel-macos-arm64, r-oldrel-macos-x86_64