Last updated on 2025-04-30 12:49:21 CEST.
Flavor | Version | Tinstall | Tcheck | Ttotal | Status | Flags |
---|---|---|---|---|---|---|
r-devel-linux-x86_64-debian-clang | 0.1.0 | 1.59 | 27.08 | 28.67 | NOTE | |
r-devel-linux-x86_64-debian-gcc | 0.1.0 | 1.60 | 19.67 | 21.27 | OK | |
r-devel-linux-x86_64-fedora-clang | 0.1.0 | 46.50 | NOTE | |||
r-devel-linux-x86_64-fedora-gcc | 0.1.0 | 44.98 | NOTE | |||
r-devel-windows-x86_64 | 0.1.0 | 3.00 | 51.00 | 54.00 | OK | |
r-patched-linux-x86_64 | 0.1.0 | 2.17 | 25.59 | 27.76 | OK | |
r-release-linux-x86_64 | 0.1.0 | 1.85 | 25.75 | 27.60 | OK | |
r-release-macos-arm64 | 0.1.0 | 26.00 | OK | |||
r-release-macos-x86_64 | 0.1.0 | 29.00 | OK | |||
r-release-windows-x86_64 | 0.1.0 | 3.00 | 47.00 | 50.00 | OK | |
r-oldrel-macos-arm64 | 0.1.0 | 18.00 | OK | |||
r-oldrel-macos-x86_64 | 0.1.0 | 28.00 | OK | |||
r-oldrel-windows-x86_64 | 0.1.0 | 4.00 | 49.00 | 53.00 | OK |
Version: 0.1.0
Check: examples
Result: NOTE
Examples with CPU (user + system) or elapsed time > 5s
user system elapsed
estimate_zinarp 7.963 0.11 10.156
Flavor: r-devel-linux-x86_64-debian-clang
Version: 0.1.0
Check: dependencies in R code
Result: NOTE
Namespace in Imports field not imported from: ‘utils’
All declared Imports should be used.
Flavors: r-devel-linux-x86_64-fedora-clang, r-devel-linux-x86_64-fedora-gcc