CRAN Package Check Results for Package YPPE

Last updated on 2022-05-27 06:51:38 CEST.

Flavor Version Tinstall Tcheck Ttotal Status Flags
r-devel-linux-x86_64-debian-clang 1.0.1 227.69 198.21 425.90 NOTE
r-devel-linux-x86_64-debian-gcc 1.0.1 226.90 153.50 380.40 NOTE
r-devel-linux-x86_64-fedora-clang 1.0.1 578.80 NOTE
r-devel-linux-x86_64-fedora-gcc 1.0.1 606.39 NOTE
r-devel-windows-x86_64 1.0.1 171.00 236.00 407.00 NOTE
r-patched-linux-x86_64 1.0.1 231.76 201.98 433.74 NOTE
r-release-linux-x86_64 1.0.1 225.51 202.51 428.02 NOTE
r-release-macos-arm64 1.0.1 131.00 NOTE
r-release-macos-x86_64 1.0.1 243.00 NOTE
r-release-windows-x86_64 1.0.1 190.00 229.00 419.00 NOTE
r-oldrel-macos-arm64 1.0.1 163.00 NOTE
r-oldrel-macos-x86_64 1.0.1 295.00 NOTE
r-oldrel-windows-ix86+x86_64 1.0.1 591.00 361.00 952.00 NOTE

Check Details

Version: 1.0.1
Check: for GNU extensions in Makefiles
Result: NOTE
    GNU make is a SystemRequirements.
Flavors: r-devel-linux-x86_64-debian-clang, r-devel-linux-x86_64-debian-gcc, r-devel-linux-x86_64-fedora-clang, r-devel-linux-x86_64-fedora-gcc, r-devel-windows-x86_64, r-patched-linux-x86_64, r-release-linux-x86_64, r-release-macos-arm64, r-release-macos-x86_64, r-release-windows-x86_64, r-oldrel-macos-arm64, r-oldrel-macos-x86_64, r-oldrel-windows-ix86+x86_64

Version: 1.0.1
Check: installed package size
Result: NOTE
     installed size is 30.6Mb
     sub-directories of 1Mb or more:
     libs 30.3Mb
Flavors: r-devel-linux-x86_64-fedora-clang, r-release-macos-arm64, r-release-macos-x86_64, r-oldrel-macos-arm64, r-oldrel-macos-x86_64, r-oldrel-windows-ix86+x86_64

Version: 1.0.1
Check: dependencies in R code
Result: NOTE
    Namespace in Imports field not imported from: ‘rstantools’
     All declared Imports should be used.
Flavors: r-devel-linux-x86_64-fedora-clang, r-devel-linux-x86_64-fedora-gcc, r-release-macos-arm64, r-release-macos-x86_64, r-oldrel-macos-arm64, r-oldrel-macos-x86_64