Last updated on 2022-05-24 21:51:57 CEST.
Flavor | Version | Tinstall | Tcheck | Ttotal | Status | Flags |
---|---|---|---|---|---|---|
r-devel-linux-x86_64-debian-clang | 0.0.1 | 237.03 | 173.28 | 410.31 | NOTE | |
r-devel-linux-x86_64-debian-gcc | 0.0.1 | 223.10 | 137.83 | 360.93 | NOTE | |
r-devel-linux-x86_64-fedora-clang | 0.0.1 | 555.93 | NOTE | |||
r-devel-linux-x86_64-fedora-gcc | 0.0.1 | 578.93 | NOTE | |||
r-devel-windows-x86_64 | 0.0.1 | 163.00 | 220.00 | 383.00 | NOTE | |
r-patched-linux-x86_64 | 0.0.1 | 231.76 | 177.11 | 408.87 | NOTE | |
r-release-linux-x86_64 | 0.0.1 | NOTE | ||||
r-release-macos-arm64 | 0.0.1 | 127.00 | NOTE | |||
r-release-macos-x86_64 | 0.0.1 | 233.00 | NOTE | |||
r-release-windows-x86_64 | 0.0.1 | 165.00 | 226.00 | 391.00 | NOTE | |
r-oldrel-macos-arm64 | 0.0.1 | 159.00 | NOTE | |||
r-oldrel-macos-x86_64 | 0.0.1 | 289.00 | NOTE | |||
r-oldrel-windows-ix86+x86_64 | 0.0.1 | 545.00 | 297.00 | 842.00 | NOTE |
Version: 0.0.1
Check: for GNU extensions in Makefiles
Result: NOTE
GNU make is a SystemRequirements.
Flavors: r-devel-linux-x86_64-debian-clang, r-devel-linux-x86_64-debian-gcc, r-devel-linux-x86_64-fedora-clang, r-devel-linux-x86_64-fedora-gcc, r-devel-windows-x86_64, r-patched-linux-x86_64, r-release-linux-x86_64, r-release-macos-arm64, r-release-macos-x86_64, r-release-windows-x86_64, r-oldrel-macos-arm64, r-oldrel-macos-x86_64, r-oldrel-windows-ix86+x86_64
Version: 0.0.1
Check: installed package size
Result: NOTE
installed size is 31.4Mb
sub-directories of 1Mb or more:
libs 31.0Mb
Flavors: r-devel-linux-x86_64-fedora-clang, r-release-macos-arm64, r-release-macos-x86_64, r-oldrel-macos-arm64, r-oldrel-macos-x86_64, r-oldrel-windows-ix86+x86_64
Version: 0.0.1
Check: dependencies in R code
Result: NOTE
Namespace in Imports field not imported from: ‘rstantools’
All declared Imports should be used.
Flavors: r-devel-linux-x86_64-fedora-clang, r-devel-linux-x86_64-fedora-gcc, r-release-macos-arm64, r-release-macos-x86_64, r-oldrel-macos-arm64, r-oldrel-macos-x86_64