Last updated on 2023-04-01 11:51:45 CEST.
Flavor | Version | Tinstall | Tcheck | Ttotal | Status | Flags |
---|---|---|---|---|---|---|
r-devel-linux-x86_64-debian-clang | 0.11-1 | 7.45 | 43.95 | 51.40 | OK | |
r-devel-linux-x86_64-debian-gcc | 0.11-1 | 5.08 | 33.65 | 38.73 | OK | |
r-devel-linux-x86_64-fedora-clang | 0.11-1 | 64.64 | OK | |||
r-devel-linux-x86_64-fedora-gcc | 0.11-1 | 71.98 | OK | |||
r-devel-windows-x86_64 | 0.11-1 | 12.00 | 74.00 | 86.00 | OK | |
r-patched-linux-x86_64 | 0.11-1 | 7.34 | 41.45 | 48.79 | OK | |
r-release-linux-x86_64 | 0.11-1 | 7.09 | 41.46 | 48.55 | OK | |
r-release-macos-arm64 | 0.11-1 | 21.00 | OK | |||
r-release-macos-x86_64 | 0.11-1 | 34.00 | OK | |||
r-release-windows-x86_64 | 0.11-1 | 49.00 | 78.00 | 127.00 | OK | |
r-oldrel-macos-arm64 | 0.11-1 | 23.00 | OK | |||
r-oldrel-macos-x86_64 | 0.11-1 | 35.00 | OK | |||
r-oldrel-windows-ix86+x86_64 | 0.11-1 | 15.00 | 69.00 | 84.00 | WARN |
Version: 0.11-1
Check: whether package can be installed
Result: WARN
Found the following significant warnings:
Warning: unable to re-encode 'XiMpLe-internal.R' line 515
Flavor: r-oldrel-windows-ix86+x86_64