Last updated on 2024-04-17 21:56:17 CEST.
Flavor | Version | Tinstall | Tcheck | Ttotal | Status | Flags |
---|---|---|---|---|---|---|
r-devel-linux-x86_64-debian-clang | 0.11-2 | 8.63 | 46.19 | 54.82 | NOTE | |
r-devel-linux-x86_64-debian-gcc | 0.11-2 | 6.20 | 35.25 | 41.45 | NOTE | |
r-devel-linux-x86_64-fedora-clang | 0.11-2 | 70.61 | NOTE | |||
r-devel-linux-x86_64-fedora-gcc | 0.11-2 | 78.87 | NOTE | |||
r-prerel-macos-arm64 | 0.11-2 | 28.00 | NOTE | |||
r-prerel-windows-x86_64 | 0.11-2 | 8.00 | 59.00 | 67.00 | NOTE | |
r-patched-linux-x86_64 | 0.11-2 | 9.16 | 43.69 | 52.85 | NOTE | |
r-release-linux-x86_64 | 0.11-2 | 6.38 | 44.37 | 50.75 | OK | |
r-release-macos-arm64 | 0.11-2 | 34.00 | OK | |||
r-release-macos-x86_64 | 0.11-2 | 62.00 | OK | |||
r-release-windows-x86_64 | 0.11-2 | 8.00 | 61.00 | 69.00 | OK | |
r-oldrel-macos-arm64 | 0.11-2 | 24.00 | OK | |||
r-oldrel-windows-x86_64 | 0.11-2 | 10.00 | 62.00 | 72.00 | OK |
Version: 0.11-2
Check: Rd files
Result: NOTE
checkRd: (-1) XMLGetters-methods.Rd:165: Lost braces in \itemize; meant \describe ?
checkRd: (-1) XMLGetters-methods.Rd:166: Lost braces in \itemize; meant \describe ?
checkRd: (-1) XMLGetters-methods.Rd:167: Lost braces in \itemize; meant \describe ?
checkRd: (-1) XMLGetters-methods.Rd:168-169: Lost braces in \itemize; meant \describe ?
checkRd: (-1) XMLGetters-methods.Rd:170: Lost braces in \itemize; meant \describe ?
checkRd: (-1) XMLGetters-methods.Rd:171: Lost braces in \itemize; meant \describe ?
checkRd: (-1) XMLGetters-methods.Rd:172: Lost braces in \itemize; meant \describe ?
checkRd: (-1) XMLGetters-methods.Rd:179-182: Lost braces in \itemize; meant \describe ?
checkRd: (-1) XMLGetters-methods.Rd:191: Lost braces in \itemize; meant \describe ?
Flavors: r-devel-linux-x86_64-debian-clang, r-devel-linux-x86_64-debian-gcc, r-devel-linux-x86_64-fedora-clang, r-devel-linux-x86_64-fedora-gcc, r-prerel-macos-arm64, r-prerel-windows-x86_64, r-patched-linux-x86_64