CRAN Package Check Results for Package XRJulia

Last updated on 2021-09-19 21:49:37 CEST.

Flavor Version Tinstall Tcheck Ttotal Status Flags
r-devel-linux-x86_64-debian-clang 0.9.0 6.00 34.50 40.50 OK
r-devel-linux-x86_64-debian-gcc 0.9.0 4.93 26.96 31.89 OK
r-devel-linux-x86_64-fedora-clang 0.9.0 57.51 OK
r-devel-linux-x86_64-fedora-gcc 0.9.0 47.43 OK
r-devel-windows-x86_64 0.9.0 10.00 40.00 50.00 OK
r-devel-windows-x86_64-gcc10-UCRT 0.9.0 ERROR
r-patched-linux-x86_64 0.9.0 8.76 33.21 41.97 OK
r-patched-solaris-x86 0.9.0 73.30 OK
r-release-linux-x86_64 0.9.0 6.66 33.20 39.86 OK
r-release-macos-arm64 0.9.0 OK
r-release-macos-x86_64 0.9.0 OK
r-release-windows-ix86+x86_64 0.9.0 14.00 49.00 63.00 OK
r-oldrel-macos-x86_64 0.9.0 OK
r-oldrel-windows-ix86+x86_64 0.9.0 13.00 50.00 63.00 OK

Check Details

Version: 0.9.0
Check: whether package can be installed
Result: WARN
    Found the following significant warnings:
     WARNING: installation-time patches will not be applied, could not get the patches index
Flavor: r-devel-windows-x86_64-gcc10-UCRT

Version: 0.9.0
Check: PDF version of manual
Result: WARN
    LaTeX errors when creating PDF version.
    This typically indicates Rd problems.
Flavor: r-devel-windows-x86_64-gcc10-UCRT

Version: 0.9.0
Check: PDF version of manual without hyperrefs or index
Result: ERROR
    Re-running with no redirection of stdout/stderr.
Flavor: r-devel-windows-x86_64-gcc10-UCRT