CRAN Package Check Results for Package XML2R

Last updated on 2025-04-30 03:51:10 CEST.

Flavor Version Tinstall Tcheck Ttotal Status Flags
r-devel-linux-x86_64-debian-clang 0.0.8 3.20 28.72 31.92 NOTE
r-devel-linux-x86_64-debian-gcc 0.0.8 2.37 21.90 24.27 NOTE
r-devel-linux-x86_64-fedora-clang 0.0.8 49.62 OK
r-devel-linux-x86_64-fedora-gcc 0.0.8 47.10 OK
r-devel-windows-x86_64 0.0.8 5.00 53.00 58.00 NOTE
r-patched-linux-x86_64 0.0.8 3.26 27.40 30.66 NOTE
r-release-linux-x86_64 0.0.8 2.55 27.27 29.82 NOTE
r-release-macos-arm64 0.0.8 22.00 OK
r-release-macos-x86_64 0.0.8 33.00 OK
r-release-windows-x86_64 0.0.8 5.00 62.00 67.00 NOTE
r-oldrel-macos-arm64 0.0.8 17.00 OK
r-oldrel-macos-x86_64 0.0.8 29.00 OK
r-oldrel-windows-x86_64 0.0.8 5.00 51.00 56.00 OK

Check Details

Version: 0.0.8
Check: CRAN incoming feasibility
Result: NOTE Maintainer: ‘Carson Sievert <cpsievert1@gmail.com>’ No Authors@R field in DESCRIPTION. Please add one, modifying Authors@R: person(given = "Carson", family = "Sievert", role = c("aut", "cre"), email = "cpsievert1@gmail.com") as necessary. Flavors: r-devel-linux-x86_64-debian-clang, r-devel-linux-x86_64-debian-gcc

Version: 0.0.8
Check: Rd cross-references
Result: NOTE Found the following Rd file(s) with Rd \link{} targets missing package anchors: XML2Obs.Rd: getNodeSet XML2R.Rd: xmlParse, getNodeSet docsToNodes.Rd: getNodeSet nodesToList.Rd: xmlToList re_name.Rd: collapse urlsToDocs.Rd: xmlParse Please provide package anchors for all Rd \link{} targets not in the package itself and the base packages. Flavors: r-devel-linux-x86_64-debian-clang, r-devel-linux-x86_64-debian-gcc, r-devel-windows-x86_64, r-patched-linux-x86_64, r-release-linux-x86_64, r-release-windows-x86_64