Last updated on 2023-12-06 12:53:53 CET.
Flavor | Version | Tinstall | Tcheck | Ttotal | Status | Flags |
---|---|---|---|---|---|---|
r-devel-linux-x86_64-debian-clang | 0.1.0 | 4.60 | 41.64 | 46.24 | NOTE | |
r-devel-linux-x86_64-debian-gcc | 0.1.0 | 3.04 | 31.50 | 34.54 | NOTE | |
r-devel-linux-x86_64-fedora-clang | 0.1.0 | 56.65 | NOTE | |||
r-devel-linux-x86_64-fedora-gcc | 0.1.0 | 54.53 | NOTE | |||
r-devel-windows-x86_64 | 0.1.0 | 6.00 | 51.00 | 57.00 | NOTE | |
r-patched-linux-x86_64 | 0.1.0 | 3.80 | 39.44 | 43.24 | NOTE | |
r-release-linux-x86_64 | 0.1.0 | 3.14 | 40.09 | 43.23 | NOTE | |
r-release-macos-arm64 | 0.1.0 | 22.00 | NOTE | |||
r-release-macos-x86_64 | 0.1.0 | 32.00 | NOTE | |||
r-release-windows-x86_64 | 0.1.0 | 6.00 | 56.00 | 62.00 | NOTE | |
r-oldrel-macos-arm64 | 0.1.0 | 25.00 | NOTE | |||
r-oldrel-macos-x86_64 | 0.1.0 | 42.00 | NOTE | |||
r-oldrel-windows-x86_64 | 0.1.0 | 6.00 | 65.00 | 71.00 | NOTE |
Version: 0.1.0
Check: LazyData
Result: NOTE
'LazyData' is specified without a 'data' directory
Flavors: r-devel-linux-x86_64-debian-clang, r-devel-linux-x86_64-debian-gcc, r-devel-linux-x86_64-fedora-clang, r-devel-linux-x86_64-fedora-gcc, r-devel-windows-x86_64, r-patched-linux-x86_64, r-release-linux-x86_64, r-release-macos-arm64, r-release-macos-x86_64, r-release-windows-x86_64, r-oldrel-macos-arm64, r-oldrel-macos-x86_64, r-oldrel-windows-x86_64
Version: 0.1.0
Check: dependencies in R code
Result: NOTE
Namespace in Imports field not imported from: ‘tibble’
All declared Imports should be used.
Flavors: r-devel-linux-x86_64-fedora-clang, r-devel-linux-x86_64-fedora-gcc, r-oldrel-macos-arm64, r-oldrel-macos-x86_64