CRAN Package Check Results for Package WikipediaR

Last updated on 2021-03-06 06:47:40 CET.

Flavor Version Tinstall Tcheck Ttotal Status Flags
r-devel-linux-x86_64-debian-clang 1.1 4.46 37.39 41.85 OK
r-devel-linux-x86_64-debian-gcc 1.1 3.50 28.85 32.35 OK
r-devel-linux-x86_64-fedora-clang 1.1 60.24 NOTE
r-devel-linux-x86_64-fedora-gcc 1.1 49.81 OK
r-devel-windows-ix86+x86_64 1.1 9.00 52.00 61.00 OK
r-patched-linux-x86_64 1.1 OK
r-patched-solaris-x86 1.1 70.40 OK
r-release-linux-x86_64 1.1 3.87 35.53 39.40 OK
r-release-macos-x86_64 1.1 OK
r-release-windows-ix86+x86_64 1.1 6.00 54.00 60.00 OK
r-oldrel-macos-x86_64 1.1 OK
r-oldrel-windows-ix86+x86_64 1.1 5.00 41.00 46.00 OK

Check Details

Version: 1.1
Check: Rd cross-references
Result: NOTE
    Undeclared package ‘WikipediR’ in Rd xrefs
Flavor: r-devel-linux-x86_64-fedora-clang