CRAN Package Check Results for Package WaveletANN

Last updated on 2021-12-03 21:50:50 CET.

Flavor Version Tinstall Tcheck Ttotal Status Flags
r-devel-linux-x86_64-debian-clang 0.1.0 6.04 62.49 68.53 NOTE
r-devel-linux-x86_64-debian-gcc 0.1.0 5.09 47.13 52.22 NOTE
r-devel-linux-x86_64-fedora-clang 0.1.0 93.96 NOTE
r-devel-linux-x86_64-fedora-gcc 0.1.0 78.56 NOTE
r-devel-windows-x86_64-new-UL 0.1.0 13.00 100.00 113.00 NOTE
r-devel-windows-x86_64-new-TK 0.1.0 NOTE
r-devel-windows-x86_64-old 0.1.0 11.00 61.00 72.00 NOTE
r-patched-linux-x86_64 0.1.0 3.97 56.98 60.95 NOTE
r-release-linux-x86_64 0.1.0 5.43 56.81 62.24 NOTE
r-release-macos-arm64 0.1.0 NOTE
r-release-macos-x86_64 0.1.0 NOTE
r-release-windows-ix86+x86_64 0.1.0 17.00 83.00 100.00 NOTE
r-oldrel-macos-x86_64 0.1.0 OK
r-oldrel-windows-ix86+x86_64 0.1.0 17.00 84.00 101.00 OK

Check Details

Version: 0.1.0
Check: LazyData
Result: NOTE
     'LazyData' is specified without a 'data' directory
Flavors: r-devel-linux-x86_64-debian-clang, r-devel-linux-x86_64-debian-gcc, r-devel-linux-x86_64-fedora-clang, r-devel-linux-x86_64-fedora-gcc, r-devel-windows-x86_64-new-UL, r-devel-windows-x86_64-new-TK, r-devel-windows-x86_64-old, r-patched-linux-x86_64, r-release-linux-x86_64, r-release-macos-arm64, r-release-macos-x86_64, r-release-windows-ix86+x86_64