Last updated on 2023-09-23 21:53:01 CEST.
Flavor | Version | Tinstall | Tcheck | Ttotal | Status | Flags |
---|---|---|---|---|---|---|
r-devel-linux-x86_64-debian-clang | 1.2.2 | 5.05 | 33.20 | 38.25 | NOTE | |
r-devel-linux-x86_64-debian-gcc | 1.2.2 | 3.88 | 27.07 | 30.95 | NOTE | |
r-devel-linux-x86_64-fedora-clang | 1.2.2 | 48.55 | NOTE | |||
r-devel-linux-x86_64-fedora-gcc | 1.2.2 | 48.04 | NOTE | |||
r-devel-windows-x86_64 | 1.2.2 | 7.00 | 52.00 | 59.00 | NOTE | |
r-patched-linux-x86_64 | 1.2.2 | 5.45 | 32.20 | 37.65 | NOTE | |
r-release-linux-x86_64 | 1.2.2 | 5.42 | 32.17 | 37.59 | NOTE | |
r-release-macos-arm64 | 1.2.2 | 21.00 | NOTE | |||
r-release-macos-x86_64 | 1.2.2 | 28.00 | NOTE | |||
r-release-windows-x86_64 | 1.2.2 | 7.00 | 51.00 | 58.00 | NOTE | |
r-oldrel-macos-arm64 | 1.2.2 | 25.00 | NOTE | |||
r-oldrel-macos-x86_64 | 1.2.2 | 25.00 | NOTE | |||
r-oldrel-windows-x86_64 | 1.2.2 | 9.00 | 55.00 | 64.00 | NOTE |
Version: 1.2.2
Check: LazyData
Result: NOTE
'LazyData' is specified without a 'data' directory
Flavors: r-devel-linux-x86_64-debian-clang, r-devel-linux-x86_64-debian-gcc, r-devel-linux-x86_64-fedora-clang, r-devel-linux-x86_64-fedora-gcc, r-devel-windows-x86_64, r-patched-linux-x86_64, r-release-linux-x86_64, r-release-macos-arm64, r-release-macos-x86_64, r-release-windows-x86_64, r-oldrel-macos-arm64, r-oldrel-macos-x86_64, r-oldrel-windows-x86_64