CRAN Package Check Results for Package WSGeometry

Last updated on 2022-09-26 06:51:27 CEST.

Flavor Version Tinstall Tcheck Ttotal Status Flags
r-devel-linux-x86_64-debian-clang 1.2.1 156.28 128.91 285.19 OK
r-devel-linux-x86_64-debian-gcc 1.2.1 114.15 96.89 211.04 OK
r-devel-linux-x86_64-fedora-clang 1.2.1 382.49 OK
r-devel-linux-x86_64-fedora-gcc 1.2.1 367.03 OK
r-devel-windows-x86_64 1.2.1 125.00 194.00 319.00 OK
r-patched-linux-x86_64 1.2.1 122.62 126.43 249.05 OK
r-release-linux-x86_64 1.2.1 121.55 124.66 246.21 OK
r-release-macos-arm64 1.2.1 111.00 NOTE
r-release-macos-x86_64 1.2.1 159.00 NOTE
r-release-windows-x86_64 1.2.1 110.00 179.00 289.00 OK
r-oldrel-macos-arm64 1.2.1 87.00 NOTE
r-oldrel-macos-x86_64 1.2.1 146.00 NOTE
r-oldrel-windows-ix86+x86_64 1.2.1 310.00 230.00 540.00 OK

Check Details

Version: 1.2.1
Check: installed package size
Result: NOTE
     installed size is 9.5Mb
     sub-directories of 1Mb or more:
     libs 9.3Mb
Flavors: r-release-macos-arm64, r-release-macos-x86_64, r-oldrel-macos-arm64, r-oldrel-macos-x86_64