CRAN Package Check Results for Package WRTDStidal

Last updated on 2023-03-20 12:51:52 CET.

Flavor Version Tinstall Tcheck Ttotal Status Flags
r-devel-linux-x86_64-debian-clang 1.1.2 OK
r-devel-linux-x86_64-debian-gcc 1.1.2 23.04 296.29 319.33 OK
r-devel-linux-x86_64-fedora-clang 1.1.2 514.60 OK
r-devel-linux-x86_64-fedora-gcc 1.1.2 506.97 OK
r-devel-windows-x86_64 1.1.2 82.00 445.00 527.00 OK
r-patched-linux-x86_64 1.1.2 25.53 374.47 400.00 OK
r-release-linux-x86_64 1.1.2 23.61 379.53 403.14 OK
r-release-macos-arm64 1.1.2 150.00 OK
r-release-macos-x86_64 1.1.2 235.00 OK
r-release-windows-x86_64 1.1.2 49.00 427.00 476.00 OK
r-oldrel-macos-arm64 1.1.2 250.00 OK
r-oldrel-macos-x86_64 1.1.2 222.00 OK
r-oldrel-windows-ix86+x86_64 1.1.2 56.00 419.00 475.00 NOTE

Check Details

Version: 1.1.2
Check: R code for possible problems
Result: NOTE
    Initiating curl with CURL_SSL_BACKEND: openssl
Flavor: r-oldrel-windows-ix86+x86_64