Last updated on 2024-04-20 05:59:11 CEST.
Flavor | Version | Tinstall | Tcheck | Ttotal | Status | Flags |
---|---|---|---|---|---|---|
r-devel-linux-x86_64-debian-clang | 1.1.4 | 23.72 | 407.15 | 430.87 | OK | |
r-devel-linux-x86_64-debian-gcc | 1.1.4 | 22.32 | 290.22 | 312.54 | OK | |
r-devel-linux-x86_64-fedora-clang | 1.1.4 | 524.78 | NOTE | |||
r-devel-linux-x86_64-fedora-gcc | 1.1.4 | 509.36 | OK | |||
r-prerel-macos-arm64 | 1.1.4 | 144.00 | NOTE | |||
r-prerel-windows-x86_64 | 1.1.4 | 23.00 | 296.00 | 319.00 | NOTE | |
r-patched-linux-x86_64 | 1.1.4 | 17.34 | 379.63 | 396.97 | OK | |
r-release-linux-x86_64 | 1.1.4 | 17.76 | 384.13 | 401.89 | OK | |
r-release-macos-arm64 | 1.1.4 | 149.00 | NOTE | |||
r-release-macos-x86_64 | 1.1.4 | 314.00 | NOTE | |||
r-release-windows-x86_64 | 1.1.4 | 30.00 | 372.00 | 402.00 | NOTE | |
r-oldrel-macos-arm64 | 1.1.4 | 166.00 | NOTE | |||
r-oldrel-windows-x86_64 | 1.1.4 | 31.00 | 350.00 | 381.00 | NOTE |
Version: 1.1.4
Check: installed package size
Result: NOTE
installed size is 5.4Mb
sub-directories of 1Mb or more:
doc 4.3Mb
Flavors: r-devel-linux-x86_64-fedora-clang, r-prerel-macos-arm64, r-prerel-windows-x86_64, r-release-macos-arm64, r-release-macos-x86_64, r-release-windows-x86_64, r-oldrel-macos-arm64, r-oldrel-windows-x86_64